{"id":384,"date":"2020-09-24T10:39:44","date_gmt":"2020-09-24T08:39:44","guid":{"rendered":"http:\/\/ferdailleur.com\/?page_id=384"},"modified":"2020-10-07T09:58:47","modified_gmt":"2020-10-07T07:58:47","slug":"lalat","status":"publish","type":"page","link":"https:\/\/ferdailleur.com\/?page_id=384","title":{"rendered":"LALAT"},"content":{"rendered":"\t\t<div data-elementor-type=\"wp-page\" data-elementor-id=\"384\" class=\"elementor elementor-384\" data-elementor-settings=\"[]\">\n\t\t\t\t\t\t<div class=\"elementor-inner\">\n\t\t\t\t\t\t\t<div class=\"elementor-section-wrap\">\n\t\t\t\t\t\t\t<section class=\"elementor-section elementor-top-section elementor-element elementor-element-785d53cd elementor-section-height-min-height elementor-section-boxed elementor-section-height-default elementor-section-items-middle\" data-id=\"785d53cd\" data-element_type=\"section\" data-settings=\"{&quot;background_background&quot;:&quot;classic&quot;}\">\n\t\t\t\t\t\t<div class=\"elementor-container elementor-column-gap-default\">\n\t\t\t\t\t\t\t<div class=\"elementor-row\">\n\t\t\t\t\t<div class=\"elementor-column elementor-col-50 elementor-top-column elementor-element elementor-element-1cf19b69\" data-id=\"1cf19b69\" data-element_type=\"column\" data-settings=\"{&quot;background_background&quot;:&quot;classic&quot;}\">\n\t\t\t<div class=\"elementor-column-wrap elementor-element-populated\">\n\t\t\t\t\t\t\t<div class=\"elementor-widget-wrap\">\n\t\t\t\t\t\t<div class=\"elementor-element elementor-element-6851c969 elementor-widget elementor-widget-text-editor\" data-id=\"6851c969\" data-element_type=\"widget\" data-widget_type=\"text-editor.default\">\n\t\t\t\t<div class=\"elementor-widget-container\">\n\t\t\t\t\t<div class=\"elementor-text-editor elementor-clearfix\"><\/div>\n\t\t\t\t<\/div>\n\t\t\t\t<\/div>\n\t\t\t\t<div class=\"elementor-element elementor-element-19095cce elementor-widget elementor-widget-text-editor\" data-id=\"19095cce\" data-element_type=\"widget\" data-widget_type=\"text-editor.default\">\n\t\t\t\t<div class=\"elementor-widget-container\">\n\t\t\t\t\t<div class=\"elementor-text-editor elementor-clearfix\"><\/div>\n\t\t\t\t<\/div>\n\t\t\t\t<\/div>\n\t\t\t\t<div class=\"elementor-element elementor-element-7b147812 elementor-widget elementor-widget-text-editor\" data-id=\"7b147812\" data-element_type=\"widget\" data-widget_type=\"text-editor.default\">\n\t\t\t\t<div class=\"elementor-widget-container\">\n\t\t\t\t\t<div class=\"elementor-text-editor elementor-clearfix\"><\/div>\n\t\t\t\t<\/div>\n\t\t\t\t<\/div>\n\t\t\t\t\t\t<\/div>\n\t\t\t\t\t<\/div>\n\t\t<\/div>\n\t\t\t\t<div class=\"elementor-column elementor-col-50 elementor-top-column elementor-element elementor-element-4bb1e26\" data-id=\"4bb1e26\" data-element_type=\"column\" data-settings=\"{&quot;background_background&quot;:&quot;classic&quot;}\">\n\t\t\t<div class=\"elementor-column-wrap elementor-element-populated\">\n\t\t\t\t\t\t\t<div class=\"elementor-widget-wrap\">\n\t\t\t\t\t\t<div class=\"elementor-element elementor-element-54bf242 elementor-hidden-phone elementor-widget elementor-widget-text-editor\" data-id=\"54bf242\" data-element_type=\"widget\" data-widget_type=\"text-editor.default\">\n\t\t\t\t<div class=\"elementor-widget-container\">\n\t\t\t\t\t<div class=\"elementor-text-editor elementor-clearfix\"><p>LALAT<\/p><\/div>\n\t\t\t\t<\/div>\n\t\t\t\t<\/div>\n\t\t\t\t<div class=\"elementor-element elementor-element-0733043 elementor-hidden-phone elementor-widget elementor-widget-text-editor\" data-id=\"0733043\" data-element_type=\"widget\" data-widget_type=\"text-editor.default\">\n\t\t\t\t<div class=\"elementor-widget-container\">\n\t\t\t\t\t<div class=\"elementor-text-editor elementor-clearfix\"><p>T\u00f4le<\/p><\/div>\n\t\t\t\t<\/div>\n\t\t\t\t<\/div>\n\t\t\t\t<div class=\"elementor-element elementor-element-fce8bd5 elementor-hidden-phone elementor-widget elementor-widget-text-editor\" data-id=\"fce8bd5\" data-element_type=\"widget\" data-widget_type=\"text-editor.default\">\n\t\t\t\t<div class=\"elementor-widget-container\">\n\t\t\t\t\t<div class=\"elementor-text-editor elementor-clearfix\"><p>25 cm<\/p><\/div>\n\t\t\t\t<\/div>\n\t\t\t\t<\/div>\n\t\t\t\t\t\t<\/div>\n\t\t\t\t\t<\/div>\n\t\t<\/div>\n\t\t\t\t\t\t\t\t<\/div>\n\t\t\t\t\t<\/div>\n\t\t<\/section>\n\t\t\t\t\t\t<\/div>\n\t\t\t\t\t\t<\/div>\n\t\t\t\t\t<\/div>\n\t\t","protected":false},"excerpt":{"rendered":"<p>LALAT T\u00f4le 25 cm<\/p>\n","protected":false},"author":1,"featured_media":0,"parent":0,"menu_order":0,"comment_status":"closed","ping_status":"closed","template":"","meta":[],"yoast_head":"<!-- This site is optimized with the Yoast SEO plugin v15.5 - https:\/\/yoast.com\/wordpress\/plugins\/seo\/ -->\n<title>LALAT - ferdailleur<\/title>\n<meta name=\"description\" content=\"Lalat, insecte en indon\u00e9sien, constitu\u00e9 de marceaux de t\u00f4le et de boules en fer. Fait partie de la s\u00e9rie bestioles. Ferdailleur.\" \/>\n<meta name=\"robots\" content=\"index, follow, max-snippet:-1, max-image-preview:large, max-video-preview:-1\" \/>\n<link rel=\"canonical\" href=\"https:\/\/ferdailleur.com\/?page_id=384\" \/>\n<meta property=\"og:locale\" content=\"fr_FR\" \/>\n<meta property=\"og:type\" content=\"article\" \/>\n<meta property=\"og:title\" content=\"LALAT - ferdailleur\" \/>\n<meta property=\"og:description\" content=\"Lalat, insecte en indon\u00e9sien, constitu\u00e9 de marceaux de t\u00f4le et de boules en fer. Fait partie de la s\u00e9rie bestioles. Ferdailleur.\" \/>\n<meta property=\"og:url\" content=\"https:\/\/ferdailleur.com\/?page_id=384\" \/>\n<meta property=\"og:site_name\" content=\"ferdailleur\" \/>\n<meta property=\"article:modified_time\" content=\"2020-10-07T07:58:47+00:00\" \/>\n<meta name=\"twitter:card\" content=\"summary_large_image\" \/>\n<meta name=\"twitter:label1\" content=\"Dur\u00e9e de lecture est.\">\n\t<meta name=\"twitter:data1\" content=\"0 minute\">\n<script type=\"application\/ld+json\" class=\"yoast-schema-graph\">{\"@context\":\"https:\/\/schema.org\",\"@graph\":[{\"@type\":[\"Person\",\"Organization\"],\"@id\":\"https:\/\/ferdailleur.com\/#\/schema\/person\/90372d083cf1140f786439133afb2e3c\",\"name\":\"anncmarie\",\"image\":{\"@type\":\"ImageObject\",\"@id\":\"https:\/\/ferdailleur.com\/#personlogo\",\"inLanguage\":\"fr-FR\",\"url\":\"https:\/\/secure.gravatar.com\/avatar\/ad96f36ae1bd655176c7503c99441812?s=96&d=mm&r=g\",\"caption\":\"anncmarie\"},\"logo\":{\"@id\":\"https:\/\/ferdailleur.com\/#personlogo\"},\"sameAs\":[\"http:\/\/ferdailleur.com\"]},{\"@type\":\"WebSite\",\"@id\":\"https:\/\/ferdailleur.com\/#website\",\"url\":\"https:\/\/ferdailleur.com\/\",\"name\":\"ferdailleur.com\",\"description\":\"Sculptures \\u00e0 partir d&#039;objets recycl\\u00e9s. Soudure \\u00e0 l&#039;arc.\",\"publisher\":{\"@id\":\"https:\/\/ferdailleur.com\/#\/schema\/person\/90372d083cf1140f786439133afb2e3c\"},\"potentialAction\":[{\"@type\":\"SearchAction\",\"target\":\"https:\/\/ferdailleur.com\/?s={search_term_string}\",\"query-input\":\"required name=search_term_string\"}],\"inLanguage\":\"fr-FR\"},{\"@type\":\"WebPage\",\"@id\":\"https:\/\/ferdailleur.com\/?page_id=384#webpage\",\"url\":\"https:\/\/ferdailleur.com\/?page_id=384\",\"name\":\"LALAT - ferdailleur\",\"isPartOf\":{\"@id\":\"https:\/\/ferdailleur.com\/#website\"},\"datePublished\":\"2020-09-24T08:39:44+00:00\",\"dateModified\":\"2020-10-07T07:58:47+00:00\",\"description\":\"Lalat, insecte en indon\\u00e9sien, constitu\\u00e9 de marceaux de t\\u00f4le et de boules en fer. Fait partie de la s\\u00e9rie bestioles. Ferdailleur.\",\"inLanguage\":\"fr-FR\",\"potentialAction\":[{\"@type\":\"ReadAction\",\"target\":[\"https:\/\/ferdailleur.com\/?page_id=384\"]}]}]}<\/script>\n<!-- \/ Yoast SEO plugin. -->","_links":{"self":[{"href":"https:\/\/ferdailleur.com\/index.php?rest_route=\/wp\/v2\/pages\/384"}],"collection":[{"href":"https:\/\/ferdailleur.com\/index.php?rest_route=\/wp\/v2\/pages"}],"about":[{"href":"https:\/\/ferdailleur.com\/index.php?rest_route=\/wp\/v2\/types\/page"}],"author":[{"embeddable":true,"href":"https:\/\/ferdailleur.com\/index.php?rest_route=\/wp\/v2\/users\/1"}],"replies":[{"embeddable":true,"href":"https:\/\/ferdailleur.com\/index.php?rest_route=%2Fwp%2Fv2%2Fcomments&post=384"}],"version-history":[{"count":12,"href":"https:\/\/ferdailleur.com\/index.php?rest_route=\/wp\/v2\/pages\/384\/revisions"}],"predecessor-version":[{"id":1055,"href":"https:\/\/ferdailleur.com\/index.php?rest_route=\/wp\/v2\/pages\/384\/revisions\/1055"}],"wp:attachment":[{"href":"https:\/\/ferdailleur.com\/index.php?rest_route=%2Fwp%2Fv2%2Fmedia&parent=384"}],"curies":[{"name":"wp","href":"https:\/\/api.w.org\/{rel}","templated":true}]}}